110, b = -q*o - 2*o + 80. What is the highest common factor of 15 and b?
15
Let o(b) = -b**2 + 18*b + 29. Let l be o(17). What is the highest common factor of l and 322?
46
Suppose -4*y - 42*t + 280 = -46*t, -4*y + 285 = -3*t. Let o be 10/3*(-45)/(-6). Calculate the highest common divisor of o and y.
25
Suppose 0*f = -4*k + 4*f - 328, -5*f + 82 = -k. Let v = 14 - k. Calculate the greatest common factor of v and 32.
32
Suppose -9*m = -7*m - 126. Let i = -33 - -40. Calculate the greatest common divisor of m and i.
7
Suppose 10*n + 372 = 4*n. Let d = 87 + n. Calculate the greatest common divisor of d and 10.
5
Suppose -5*p - 4*h = -204, 5*h = -2*p + 4*p - 108. Let u = 7 - 3. Calculate the greatest common divisor of u and p.
4
Suppose -5*m + 3*m + b + 70 = 0, 4*b - 80 = -2*m. Let s be (-4)/5*(-2250)/m. What is the greatest common divisor of s and 25?
25
Let w(p) = -p + 32. Let d be w(19). Let x = 50 - d. What is the greatest common factor of 111 and x?
37
Let p(f) = -f**3 - 3*f**2 - 2*f - 5. Let b be p(-3). Let r be b + 2/(-6) + (-166)/(-3). What is the greatest common factor of 14 and r?
14
Let k(t) = -t**3 + 4*t**2 - 2*t - 9. Let h be k(5). Let n be -2 - (-3 - (3 - -1)). Let x be (h/6)/(n/(-90)). Calculate the greatest common factor of x and 12.
12
Let i = 83 + -72. What is the highest common factor of i and 209?
11
Let y(f) = f**3 - 5*f**2 + f - 7. Let j be 32/6 - (-8)/(-24). Let w be y(j). Let x be (-3)/w - (-270)/12. What is the highest common factor of x and 60?
12
Let n(h) = -35*h**3 + 3*h**2 + 10*h + 16. Let s be n(-2). What is the greatest common divisor of 9 and s?
9
Suppose 0 = 50*t + 3961 - 79961. What is the greatest common factor of 95 and t?
95
Suppose 5*u + 16 = 4*o + u, 0 = 4*o + u + 4. Suppose 0 = -5*s - 2*g + 201, -4*g - 213 = -5*s - o. What is the highest common factor of s and 451?
41
Let k be (-1 - 8) + 3 - -3. Let o = k + 16. Suppose -3*m = -0*r + r - o, -94 = -3*r + 2*m. What is the greatest common factor of 28 and r?
28
Let v be (-12291)/(-27) - ((-14)/18 + 1). Suppose -w + 6*w - 201 = -2*d, -5*d = 3*w - v. Calculate the highest common divisor of d and 11.
11
Suppose -2*v - 12 = -4*v. Let n be 15/(-6)*(-8)/10. Suppose -2*w - n*w + 72 = 0. Calculate the greatest common divisor of v and w.
6
Suppose 0 = -10*j + 53 - 193. Let w be (96/j + 4)*(-21)/6. What is the highest common divisor of 10 and w?
10
Suppose 74*k - 385 = 69*k. Let u = 64 - 130. Let q be u/(-10) + 6/15. Calculate the greatest common divisor of k and q.
7
Suppose -2*j - 2*j - 52 = -2*b, -5*b + 165 = -3*j. Suppose -p + 6*x - x + 28 = 0, 0 = -3*x - 6. What is the greatest common factor of b and p?
18
Let k(c) = c**3 + 6*c**2 - 2*c - 3. Let d be k(4). Let u = -135 + d. What is the greatest common factor of u and 98?
14
Let i(x) = 5*x - 168. Let y be i(38). Suppose -c + 3*b = -8, c - 2*b - 20 = -c. What is the highest common factor of y and c?
11
Let j = 241 - 227. Calculate the greatest common divisor of j and 28.
14
Suppose 2*i + 8 = -2*i. Let s = i + -5. Let j = -1 - s. Calculate the greatest common divisor of 24 and j.
6
Let g = 1189 - 1173. What is the highest common divisor of 376 and g?
8
Let g(i) = 18*i - 492. Let z be g(64). What is the highest common divisor of 300 and z?
60
Suppose 5*q = -2*x + 724, -3*x + 381 + 201 = 4*q. Calculate the highest common divisor of 504 and q.
72
Let i(j) = -112*j - 1. Let b be i(-1). Let v = 188 - b. What is the highest common divisor of v and 7?
7
Let z(x) = x**3 - 8*x**2 - 7*x - 3. Suppose -10*k + 108 = 2*k. Let w be z(k). Let c = 139 - 79. What is the greatest common divisor of c and w?
15
Let v = 54 + -51. Let k be (0 - (-9 - -6)) + v*14. Let l(x) = -3*x. Let d be l(-6). What is the highest common factor of d and k?
9
Suppose 0 = 4*m + 3*i - 273, 0 = 3*m - 2*i - 282 + 56. What is the greatest common divisor of m and 45?
9
Suppose 0 = -29*l + 25*l + 560. Suppose -2*g = 5*v - 4*g + 40, -4 = -v - 2*g. Let n be (l/8)/((-3)/v). What is the greatest common divisor of n and 5?
5
Suppose 9*z - 472 = 1346. Suppose 76 - z = -3*d. Suppose -m = 4*m - 140. Calculate the greatest common factor of d and m.
14
Suppose -2*y - 2*y + 8 = 0, -t - 3*y + 126 = 0. Suppose 109*n = 116*n - 84. What is the greatest common factor of t and n?
12
Suppose -3*q + 1717 = 4*y, -4*q + 2026 = 3*y - 254. What is the greatest common factor of 54 and q?
27
Suppose 3*p + i - 191 = -54, 2*i = 2*p - 86. Suppose j + 4*j = -4*n + 97, -5*n + 75 = -3*j. What is the highest common divisor of p and n?
9
Let k(n) = 32*n + 4. Let v be k(-1). Let p be (v/6)/(6/(-9)). What is the highest common factor of 49 and p?
7
Suppose 35*d + 168 = 47*d. Calculate the highest common divisor of d and 329.
7
Let j = -2462 + 2606. What is the highest common factor of 192 and j?
48
Let d = 417 - 17. Calculate the greatest common divisor of d and 16.
16
Let y be ((-7)/((-70)/345))/(12/32). Calculate the greatest common factor of 4 and y.
4
Suppose 0 = 2*w - 5*s - 23, -w - s - 4*s = 11. Suppose -10 = 2*r, -v = -w*r - 49 - 12. What is the greatest common divisor of 287 and v?
41
Let p = -149 + 239. Calculate the greatest common divisor of 4 and p.
2
Let w(n) = -49 + 113 - 59 + 5*n. Let g be w(9). Calculate the greatest common factor of g and 5.
5
Let c be (-7)/(5/(-4) + 1). Suppose -c = -5*s + 12. Calculate the greatest common factor of s and 88.
8
Let d = -51 + 50. Let f be (-1143)/(-9) + (2*d - -1). Calculate the highest common divisor of f and 18.
18
Let x(v) = -v**3 - 2*v**2 + 6*v - 2. Let f be x(-3). Let m = 26 + f. Let u = m - 9. Calculate the greatest common divisor of u and 9.
3
Let j = 6 + -25. Let m(c) = -c**3 + 6*c**2 + 6. Let i be m(5). Let u = i - j. Calculate the greatest common divisor of u and 10.
10
Let z(v) = v**3 + 9*v**2 + 8*v + 2. Let g be z(-8). Suppose 0*k + q + 418 = 2*k, 2*k = -g*q + 412. What is the highest common divisor of 13 and k?
13
Let c be -3*(-16)/(-60) + (-1559)/(-5). Let y = -206 + c. Let g = 129 - 87. What is the greatest common divisor of g and y?
21
Let z(q) = 2*q**2 + q + 4. Let m = -19 + 17. Let o = -4 - m. Let c be z(o). What is the greatest common factor of 5 and c?
5
Let z(k) = -k**2 - 6*k + 19. Let h be z(-11). Let n = 5 - h. What is the highest common factor of 328 and n?
41
Let c = 36 + -38. Let g = 37 + c. Let v be ((-10)/6)/(2/(-336)). Calculate the greatest common divisor of v and g.
35
Let l(u) = 194*u + 4. Let t be l(1). Calculate the highest common divisor of 363 and t.
33
Let c(i) = 12*i**2 + 4*i + 4. Let o be c(-4). Let g(v) = 4*v + 6 - 14 + 8. Let n be g(5). Calculate the greatest common divisor of n and o.
20
Let h(r) = 11*r**2 - 3*r - 2. Let d be h(3). Let v be (-50)/20 - 54/(-4). Calculate the greatest common divisor of d and v.
11
Suppose 4*y - 851 = 3*j, -12*y - 5*j = -7*y - 1020. What is the highest common factor of 44 and y?
11
Suppose 3*p - 1469 = 799. Calculate the greatest common divisor of 14 and p.
14
Let y be ((-42609)/(-42) - 2/(-4)) + -3. What is the highest common factor of 88 and y?
44
Let p(q) = 3*q**2 + q - 7. Let c be p(2). Let h(r) = 6*r - 28. Let g be h(c). Calculate the highest common factor of g and 21.
7
Let u be 14/(-40)*(-6 + 30)*-5. What is the highest common factor of u and 14?
14
Let g = 169 - 123. Calculate the greatest common divisor of 736 and g.
46
Let w(y) = -y**2 - 14*y - 9. Let z be w(-9). Let v = -21 + z. Calculate the greatest common divisor of v and 5.
5
Suppose -34*o + 33*o + 4*m = -1837, -m = -5*o + 9261. Calculate the greatest common factor of 109 and o.
109
Suppose 38 = -4*r + 6*r. Let i = 758 - 757. Calculate the highest common factor of i and r.
1
Let f(n) be the first derivative of n**4/4 + n**3 + 3*n - 5. Let b be f(-3). Let a be (-735)/(-20) + b/(-4). Calculate the highest common factor of 24 and a.
12
Let y = 241 + -26. Calculate the highest common divisor of 43 and y.
43
Let z = -7 + 21. Let d be (-12)/8*2 + 5. Suppose d*w - 74 = 38. What is the highest common factor of z and w?
14
Suppose 66 = 5*i + 6*i. Suppose -11 = -i*h + 121. Calculate the greatest common divisor of 2 and h.
2
Let t(b) = b + 2. Let f be t(10). Let u(y) = -18*y**2 - 71*y - 3. Let c be u(-3). What is the highest common divisor of f and c?
12
Let s be ((-594)/(-12))/((-2)/(-12)). Let v be s/(-11)*(-4)/6. Calcu